 z = q - -39. What is the units digit of z + 606/4 + 11/(-22)?
0
Let s be (-4)/(16/3)*-20. Suppose 3*t - 7*t = 80. What is the tens digit of 71 - 3/(s/t)?
7
Let s(p) = 200*p**2 - 2*p + 3. Suppose 4*c = 5*r + c + 4, 4 = r - 3*c. What is the hundreds digit of s(r)?
8
Suppose b + 8 = -4*a + 3*b, -5*b = -2*a - 12. What is the hundreds digit of 11690/30 - (6/9 + a)?
3
What is the units digit of (60 + 2095)/(2/6)?
5
Suppose 278698 - 98977 = 24*r - 5*r. What is the tens digit of r?
5
Let w be ((-2)/(-6)*1)/((-18)/(-108)). Suppose r - d = d + 9, -3*r + w*d + 23 = 0. Suppose r*l = -6*l + 494. What is the tens digit of l?
3
Let r(q) = q**2 + 3*q. Let c be r(-4). Suppose 3*o - 195 = c*o. Let n = -124 - o. What is the units digit of n?
1
Let t(k) = 208*k**2 + 8*k - 4. What is the units digit of t(2)?
4
Let x(j) = 46*j**2 + 51*j + 777. What is the tens digit of x(25)?
0
Let x(c) = 260*c**2 + 177*c + 933. What is the tens digit of x(-5)?
4
Let q = -29 - -25. Let n be (1 - 2) + 3 + q. What is the units digit of ((-66)/(-4))/(n/(-4))?
3
Let m(s) = 13244*s + 27. What is the tens digit of m(1)?
7
Let g = 553 + 3989. What is the thousands digit of g?
4
Let a(y) = -3*y**2 - 35. Let q(x) = -10*x**2 + x - 104. Let t(d) = 7*a(d) - 2*q(d). Let f be t(-9). What is the tens digit of (-9)/3 - f/1?
9
What is the ten thousands digit of 20321 + 97 + (-16)/2?
2
Let u(x) = 14*x**2 + 23*x - 727. What is the tens digit of u(17)?
1
What is the hundreds digit of (-17203164)/(-748) - (-6)/51?
9
Let v be -12*3/36*-3. Suppose -a = i - 35, v*a + 2 = 14. Let u = 67 - i. What is the tens digit of u?
3
Let b(k) = -k**3 + 10*k**2 + 3*k - 25. Let t be b(10). Suppose -5*n - t*m + 4 + 6 = 0, 0 = 2*m. What is the units digit of 2/(24/2115) + n/(-8)?
6
What is the thousands digit of (-4)/72 + (-905293)/(-18)?
0
Suppose -618 = -4*g - 3*k + 126, 4*k = 0. Let o(b) = 29*b + 10. Let n be o(4). Let s = g - n. What is the tens digit of s?
6
Suppose -880 = -11*z + 1804. Let i = 481 - z. What is the units digit of i?
7
Let z(p) = 4*p**3 - p**2 - p + 5. Let o be z(7). Let t = o + -853. Suppose 3*u + v - 5*v - 274 = 0, -5*u + v = -t. What is the units digit of u?
4
Let p = -30639 + 63459. What is the ten thousands digit of p?
3
Let c = 77 - 74. Suppose -3*z = -4*a + 856, 5*a - 6*z + c*z - 1067 = 0. What is the hundreds digit of a?
2
Let x be (-2)/(-2)*35/((-175)/90). Let p(k) = -k**3 - 13*k**2 + 25*k + 1. What is the tens digit of p(x)?
7
Let n(t) = t**3 + 14*t**2 - 17*t - 33. Let y be n(-15). What is the hundreds digit of (y - -247) + 2/(-2) + 5?
2
Let n(f) = -f**2 + f + 47. Let y be n(-6). Let p be 2/4 - (2 - (-259)/(-2)). Suppose p + 62 = y*r. What is the units digit of r?
8
Suppose 14*z - 384170 = 51944. What is the ten thousands digit of z?
3
Let j = -39966 + 67177. What is the thousands digit of j?
7
Let b = -300 + 195. Let h = 17 - b. What is the tens digit of h?
2
Let f(v) = -187*v**3 - 39*v**2 + 9*v + 22. What is the tens digit of f(-2)?
4
Suppose 10*w + 40*w - 2065053 = -7*w. What is the ten thousands digit of w?
3
Suppose 0 = 30*k - 9752 - 10768. Let r = -2 + 8. Suppose -3*n - k = -r*n. What is the tens digit of n?
2
What is the units digit of (-280)/168 - ((-2)/(-9) - (-297494)/(-9))?
3
Suppose d = -11*d - 2424. Let y = d - -463. What is the tens digit of y?
6
What is the hundreds digit of (10 + 10697 - 1) + 1?
7
Suppose -6*c + 98 = c. Suppose c*b - 11*b = 42. Suppose 0 = -b*d + 8*d + 1590. What is the tens digit of d?
6
Let y = 1948 - 3572. What is the tens digit of ((-5)/10)/(7/y)?
1
Let w = -19079 - -26710. What is the tens digit of w?
3
Suppose 0 = z + 4*l - 99, -81 = -3*z + 2*l + 160. Let m = 95 - z. Suppose -17*q = -m*q - 530. What is the units digit of q?
6
Suppose 3*r + 20 = i - 2*i, -r - 4 = 0. Let w(p) = 2*p**2 + 13*p + 10. Let h be w(i). Suppose m + n + 13 = h, -2*m + 5*n = -28. What is the tens digit of m?
1
Let l(j) = -75*j - 131. Let v be l(-15). What is the tens digit of (69/(-46))/((-3)/v)?
9
Suppose -6*t - 6*x + 10*x = -20766, -t + 2*x + 3457 = 0. What is the thousands digit of t?
3
Let p(q) = 3*q + 93. Let v be p(-31). Suppose v = -4*y - 12, -y + 2*y = -2*x + 2443. What is the thousands digit of x?
1
What is the thousands digit of 13 + -10 + (-272987)/(-11)?
4
What is the thousands digit of (-8788162)/(-1978) - 6/(-129)?
4
Suppose -i - y = -135, -9*y + 5*y = i - 147. Let q = 250 - i. What is the units digit of q/(((-18)/(-45))/(8/10))?
8
Let p be 1186*((-15)/(-2))/15. Suppose 3*q - 1507 = p. What is the units digit of q?
0
Suppose x = 5*p - 204, p - 2*x + 85 = 124. Suppose -2*c + 1041 = 3*n, 2640 = 46*c - p*c - 5*n. What is the tens digit of c?
2
Let f = 25 - 22. Suppose 11 = 5*k - 2*s + 45, 0 = -2*k + f*s - 18. What is the tens digit of k/(-14) + (-1926)/(-63)?
3
Suppose 0 = 3*h + 5 - 53. Suppose -10918 + 646 = -h*f. What is the units digit of f?
2
Let k(q) = q + 7. Suppose 3 = -3*m + 24. Let p be k(m). Suppose -p*n + 792 = -6*n. What is the units digit of n?
9
Let f = 118 + -266. Let j = f - -186. What is the tens digit of j?
3
Suppose 0 = -4*f - 3*d + 304046, 12*d + 152018 = 2*f + 11*d. What is the thousands digit of f?
6
Suppose 4*z = -3*d + 852, -d = -2*z - 5*d + 416. Let i = z - -357. What is the hundreds digit of i?
5
What is the hundreds digit of (-21)/42 - (-1391)/2?
6
Suppose 8*q = 4*q - 4*w + 44808, 3*q + 5*w - 33610 = 0. What is the units digit of q?
0
Suppose 0 = 2*c - 14 - 114. Suppose 2*h + 83 = 3*a, 5*a = -3*h + 87 + c. Suppose -9 = -j + a. What is the tens digit of j?
3
Let r(m) = 65*m**2 - 5*m + 2. Let z(f) = 21*f**2 - 2*f + 1. Let d(n) = 4*r(n) - 11*z(n). What is the units digit of d(-4)?
3
Let t(v) = -v**3 + 5*v**2 + 5*v - 5. Let j be t(6). Let q be 50/4*(-1 + j/5). What is the units digit of (q/(-15))/(38/36 - 1)?
8
Suppose 0 = -2*v + 2*d + 24, 15*v + d = 10*v + 66. Suppose -v*u + 10*u + 4*r = -2355, 5*u - r = 3908. What is the units digit of u?
1
Suppose -32*j + 34*j - 6 = 0. Suppose 0 = 4*h - a + 135, j*h - 4*a + 78 + 20 = 0. Let b = -3 - h. What is the tens digit of b?
3
Let x = -45 - -45. Suppose x = 5*g - 1125 + 285. What is the tens digit of g?
6
Let s = -275 + 322. Let z = -153 - -255. Let x = z - s. What is the units digit of x?
5
Suppose -1 = -21*r - 22. Let o(f) = -83*f. What is the units digit of o(r)?
3
Suppose 13 = m - 4*t - 6, 0 = -2*m + 2*t + 14. What is the units digit of 1109/m*3 + 0 + -3?
6
Let j(z) = -5*z + 15*z**2 - 3*z**2 + 13 + 9*z**2. Let g be j(3). What is the hundreds digit of -5 + (5 - 1) + g?
1
Let i = 144 + -207. What is the units digit of (42/i)/(-2 + (-6333)/(-3168))?
4
Let f = -11048 - -5658. What is the units digit of (-5)/15 + f/(-6) + 0?
8
Let a = -1475 + 2120. What is the hundreds digit of a + (58 + -2)/(-7)?
6
Suppose 0 = -5*t + 4*y + 396900 - 66637, 5*t = 6*y + 330277. What is the hundreds digit of t?
0
Suppose 115*h - 80722 = 117534 - 13911. What is the tens digit of h?
0
Let g(w) be the first derivative of 31*w**2/2 - 78*w - 33. What is the units digit of g(10)?
2
Let m(a) be the second derivative of -a**5/20 + 13*a**4/12 - 5*a**3/3 + a**2/2 + 18*a + 4. Let b(c) = -c + 12. Let z be b(0). What is the tens digit of m(z)?
2
Let l(k) = k**2 + 8*k - 15. Let g be l(3). Suppose -g*s + 796 = -6224. What is the hundreds digit of s?
3
Let n(h) = -5*h**3 + 13*h**2 + 14*h - 4. Let k be n(7). Let b = -355 - k. What is the hundreds digit of b?
6
Let m = 62 + -60. Let y = -19 - -24. Suppose -3*g - y*v = -4*g + 179, 3*g + m*v - 588 = 0. What is the hundreds digit of g?
1
Let o(l) = -2*l**2 - 6*l + 13. Let t be o(-4). Suppose t*i - 381 + 116 = -2*y, 0 = -3*i + 2*y + 143. What is the tens digit of i?
5
Suppose 5*v + 5*o = -0*o + 5, 3*v - 2*o - 23 = 0. Suppose -5*h = 4*s - 713, v*h + 555 + 108 = 4*s. What is the units digit of (-1)/((3 - 7)/s)?
3
Let a(u) = u**2 - 24*u - 152. Let z be a(42). Suppose -3*i + 4*s + z = -1108, 0 = -3*s - 6. What is the units digit of i?
8
What is the tens digit of (-218529883)/(-2992) - 1/16?
3
Suppose 21*s - 96349 - 221087 = 0. What is the hundreds digit of s?
1
Let s(n) be the first derivative of 25*n - 4*n - n**2 - 4 - 11 + 0*n**2. What is the units digit of s(-14)?
9
Suppose o - 134 = -o + 3*v, 0 = 3*o + v - 212. Let f = o + -66. Suppose 413 = f*x - 163. What is the units digit of x?
4
Let v(z)